[INFO] cloning repository https://github.com/UvRoxx/sonr-demo
[INFO] running `Command { std: "git" "-c" "credential.helper=" "-c" "credential.helper=/workspace/cargo-home/bin/git-credential-null" "clone" "--bare" "https://github.com/UvRoxx/sonr-demo" "/workspace/cache/git-repos/https%3A%2F%2Fgithub.com%2FUvRoxx%2Fsonr-demo", kill_on_drop: false }`
[INFO] [stderr] Cloning into bare repository '/workspace/cache/git-repos/https%3A%2F%2Fgithub.com%2FUvRoxx%2Fsonr-demo'...
[INFO] running `Command { std: "git" "rev-parse" "HEAD", kill_on_drop: false }`
[INFO] [stdout] 2433570b1ba19578529f53276b3300701aa1ae78
[INFO] checking UvRoxx/sonr-demo against master#e6e4f7ed1589e03bc2f6c5931c1a72e7947e8682 for beta-170-4
[INFO] running `Command { std: "git" "clone" "/workspace/cache/git-repos/https%3A%2F%2Fgithub.com%2FUvRoxx%2Fsonr-demo" "/workspace/builds/worker-5-tc2/source", kill_on_drop: false }`
[INFO] [stderr] Cloning into '/workspace/builds/worker-5-tc2/source'...
[INFO] [stderr] done.
[INFO] validating manifest of git repo https://github.com/UvRoxx/sonr-demo on toolchain e6e4f7ed1589e03bc2f6c5931c1a72e7947e8682
[INFO] running `Command { std: CARGO_HOME="/workspace/cargo-home" RUSTUP_HOME="/workspace/rustup-home" "/workspace/cargo-home/bin/cargo" "+e6e4f7ed1589e03bc2f6c5931c1a72e7947e8682" "metadata" "--manifest-path" "Cargo.toml" "--no-deps", kill_on_drop: false }`
[INFO] removed /workspace/builds/worker-5-tc2/source/.cargo/config
[INFO] started tweaking git repo https://github.com/UvRoxx/sonr-demo
[INFO] finished tweaking git repo https://github.com/UvRoxx/sonr-demo
[INFO] tweaked toml for git repo https://github.com/UvRoxx/sonr-demo written to /workspace/builds/worker-5-tc2/source/Cargo.toml
[INFO] crate git repo https://github.com/UvRoxx/sonr-demo already has a lockfile, it will not be regenerated
[INFO] running `Command { std: CARGO_HOME="/workspace/cargo-home" RUSTUP_HOME="/workspace/rustup-home" "/workspace/cargo-home/bin/cargo" "+e6e4f7ed1589e03bc2f6c5931c1a72e7947e8682" "fetch" "--manifest-path" "Cargo.toml", kill_on_drop: false }`
[INFO] running `Command { std: "docker" "create" "-v" "/var/lib/crater-agent-workspace/builds/worker-5-tc2/target:/opt/rustwide/target:rw,Z" "-v" "/var/lib/crater-agent-workspace/builds/worker-5-tc2/source:/opt/rustwide/workdir:ro,Z" "-v" "/var/lib/crater-agent-workspace/cargo-home:/opt/rustwide/cargo-home:ro,Z" "-v" "/var/lib/crater-agent-workspace/rustup-home:/opt/rustwide/rustup-home:ro,Z" "-e" "SOURCE_DIR=/opt/rustwide/workdir" "-e" "CARGO_TARGET_DIR=/opt/rustwide/target" "-e" "CARGO_HOME=/opt/rustwide/cargo-home" "-e" "RUSTUP_HOME=/opt/rustwide/rustup-home" "-w" "/opt/rustwide/workdir" "-m" "1610612736" "--user" "0:0" "--network" "none" "ghcr.io/rust-lang/crates-build-env/linux@sha256:19e73879b68f455e41552ea35293514db52ea292d993f571636dbffedb77a1ee" "/opt/rustwide/cargo-home/bin/cargo" "+e6e4f7ed1589e03bc2f6c5931c1a72e7947e8682" "metadata" "--no-deps" "--format-version=1", kill_on_drop: false }`
[INFO] [stdout] d8a4e935ee175891b37043a60c82871e91338af0c32619e69b1aa089a463daff
[INFO] running `Command { std: "docker" "start" "-a" "d8a4e935ee175891b37043a60c82871e91338af0c32619e69b1aa089a463daff", kill_on_drop: false }`
[INFO] running `Command { std: "docker" "inspect" "d8a4e935ee175891b37043a60c82871e91338af0c32619e69b1aa089a463daff", kill_on_drop: false }`
[INFO] running `Command { std: "docker" "rm" "-f" "d8a4e935ee175891b37043a60c82871e91338af0c32619e69b1aa089a463daff", kill_on_drop: false }`
[INFO] [stdout] d8a4e935ee175891b37043a60c82871e91338af0c32619e69b1aa089a463daff
[INFO] running `Command { std: "docker" "create" "-v" "/var/lib/crater-agent-workspace/builds/worker-5-tc2/target:/opt/rustwide/target:rw,Z" "-v" "/var/lib/crater-agent-workspace/builds/worker-5-tc2/source:/opt/rustwide/workdir:ro,Z" "-v" "/var/lib/crater-agent-workspace/cargo-home:/opt/rustwide/cargo-home:ro,Z" "-v" "/var/lib/crater-agent-workspace/rustup-home:/opt/rustwide/rustup-home:ro,Z" "-e" "SOURCE_DIR=/opt/rustwide/workdir" "-e" "CARGO_TARGET_DIR=/opt/rustwide/target" "-e" "CARGO_INCREMENTAL=0" "-e" "RUST_BACKTRACE=full" "-e" "RUSTFLAGS=--cap-lints=forbid" "-e" "RUSTDOCFLAGS=--cap-lints=forbid" "-e" "CARGO_HOME=/opt/rustwide/cargo-home" "-e" "RUSTUP_HOME=/opt/rustwide/rustup-home" "-w" "/opt/rustwide/workdir" "-m" "1610612736" "--user" "0:0" "--network" "none" "ghcr.io/rust-lang/crates-build-env/linux@sha256:19e73879b68f455e41552ea35293514db52ea292d993f571636dbffedb77a1ee" "/opt/rustwide/cargo-home/bin/cargo" "+e6e4f7ed1589e03bc2f6c5931c1a72e7947e8682" "check" "--frozen" "--all" "--all-targets" "--message-format=json", kill_on_drop: false }`
[INFO] [stdout] b10ad738d9b70d629db71940b08b036fc6bbe4d34bc818604c49ae3ae0350770
[INFO] running `Command { std: "docker" "start" "-a" "b10ad738d9b70d629db71940b08b036fc6bbe4d34bc818604c49ae3ae0350770", kill_on_drop: false }`
[INFO] [stderr]     Blocking waiting for file lock on package cache
[INFO] [stderr]    Compiling proc-macro2 v1.0.39
[INFO] [stderr]    Compiling unicode-ident v1.0.0
[INFO] [stderr]    Compiling syn v1.0.95
[INFO] [stderr]    Compiling typenum v1.15.0
[INFO] [stderr]    Compiling libc v0.2.126
[INFO] [stderr]     Checking subtle v2.4.1
[INFO] [stderr]     Checking zeroize v1.5.5
[INFO] [stderr]    Compiling serde_derive v1.0.137
[INFO] [stderr]     Checking const-oid v0.7.1
[INFO] [stderr]    Compiling serde v1.0.137
[INFO] [stderr]     Checking base64ct v1.5.0
[INFO] [stderr]    Compiling getrandom v0.1.16
[INFO] [stderr]     Checking opaque-debug v0.3.0
[INFO] [stderr]     Checking byteorder v1.4.3
[INFO] [stderr]    Compiling generic-array v0.14.5
[INFO] [stderr]     Checking base16ct v0.1.1
[INFO] [stderr]    Compiling serde_json v1.0.81
[INFO] [stderr]     Checking cpufeatures v0.2.2
[INFO] [stderr]    Compiling crunchy v0.2.2
[INFO] [stderr]     Checking der v0.5.1
[INFO] [stderr]     Checking hex v0.4.3
[INFO] [stderr]     Checking ryu v1.0.10
[INFO] [stderr]     Checking itoa v1.0.2
[INFO] [stderr]    Compiling schemars v0.8.9
[INFO] [stderr]     Checking dyn-clone v1.0.5
[INFO] [stderr]     Checking static_assertions v1.1.0
[INFO] [stderr]     Checking forward_ref v1.0.0
[INFO] [stderr]    Compiling anyhow v1.0.57
[INFO] [stderr]    Compiling either v1.6.1
[INFO] [stderr]     Checking bytes v1.1.0
[INFO] [stderr]    Compiling itertools v0.10.3
[INFO] [stderr]     Checking uint v0.9.3
[INFO] [stderr]    Compiling quote v1.0.18
[INFO] [stderr]     Checking spki v0.5.4
[INFO] [stderr]     Checking pkcs8 v0.8.0
[INFO] [stderr]     Checking getrandom v0.2.6
[INFO] [stderr]     Checking rand_core v0.5.1
[INFO] [stderr]     Checking rand_core v0.6.3
[INFO] [stderr]     Checking ff v0.11.1
[INFO] [stderr]     Checking group v0.11.0
[INFO] [stderr]     Checking digest v0.9.0
[INFO] [stderr]     Checking crypto-bigint v0.3.2
[INFO] [stderr]     Checking crypto-mac v0.11.1
[INFO] [stderr]     Checking block-buffer v0.9.0
[INFO] [stderr]     Checking sec1 v0.2.1
[INFO] [stderr]     Checking signature v1.4.0
[INFO] [stderr]     Checking sha2 v0.9.9
[INFO] [stderr]     Checking curve25519-dalek v3.2.0
[INFO] [stderr]     Checking hmac v0.11.0
[INFO] [stderr]     Checking elliptic-curve v0.11.12
[INFO] [stderr]     Checking rfc6979 v0.1.0
[INFO] [stderr]     Checking ecdsa v0.13.4
[INFO] [stderr]     Checking k256 v0.10.4
[INFO] [stderr]    Compiling serde_derive_internals v0.26.0
[INFO] [stderr]    Compiling thiserror-impl v1.0.31
[INFO] [stderr]    Compiling schemars_derive v0.8.9
[INFO] [stderr]    Compiling cosmwasm-derive v1.0.0
[INFO] [stderr]    Compiling prost-derive v0.9.0
[INFO] [stderr]    Compiling derivative v2.2.0
[INFO] [stderr]     Checking thiserror v1.0.31
[INFO] [stderr]     Checking prost v0.9.0
[INFO] [stderr]     Checking ed25519-zebra v3.0.0
[INFO] [stderr]     Checking serde-json-wasm v0.4.1
[INFO] [stderr]     Checking cosmwasm-crypto v1.0.0
[INFO] [stderr]     Checking cosmwasm-std v1.0.0
[INFO] [stderr]     Checking cosmwasm-schema v1.0.0
[INFO] [stderr]     Checking cw-storage-plus v0.13.2
[INFO] [stderr]     Checking cosmwasm-storage v1.0.0
[INFO] [stderr]     Checking cw-utils v0.13.2
[INFO] [stderr]     Checking cw2 v0.13.2
[INFO] [stderr]     Checking cw-multi-test v0.13.2
[INFO] [stderr]     Checking sonr-demo v0.1.0 (/opt/rustwide/workdir)
[INFO] [stdout] error[E0063]: missing field `totoal_people` in initializer of `state::State`
[INFO] [stdout]   --> src/contract.rs:21:17
[INFO] [stdout]    |
[INFO] [stdout] 21 |     let state = State {
[INFO] [stdout]    |                 ^^^^^ missing `totoal_people`
[INFO] [stdout] 
[INFO] [stdout] 
[INFO] [stdout] error[E0283]: type annotations needed
[INFO] [stdout]    --> src/state.rs:109:9
[INFO] [stdout]     |
[INFO] [stdout] 108 |     ALLOWANCE.update(&mut store, ("owner", "spender"), |v| {
[INFO] [stdout]     |               ------ type must be known at this point
[INFO] [stdout] 109 |         Ok(v.unwrap_or_default() + 222)
[INFO] [stdout]     |         ^^ cannot infer type of the type parameter `E` declared on the enum `Result`
[INFO] [stdout]     |
[INFO] [stdout]     = note: cannot satisfy `_: From<cosmwasm_std::StdError>`
[INFO] [stdout] note: required by a bound in `cw_storage_plus::Map::<'a, K, T>::update`
[INFO] [stdout]    --> /opt/rustwide/cargo-home/registry/src/index.crates.io-6f17d22bba15001f/cw-storage-plus-0.13.2/src/map.rs:91:12
[INFO] [stdout]     |
[INFO] [stdout] 88  |     pub fn update<A, E>(&self, store: &mut dyn Storage, k: K, action: A) -> Result<T, E>
[INFO] [stdout]     |            ------ required by a bound in this associated function
[INFO] [stdout] ...
[INFO] [stdout] 91  |         E: From<StdError>,
[INFO] [stdout]     |            ^^^^^^^^^^^^^^ required by this bound in `Map::<'a, K, T>::update`
[INFO] [stdout] help: consider specifying the generic arguments
[INFO] [stdout]     |
[INFO] [stdout] 109 |         Ok::<u64, E>(v.unwrap_or_default() + 222)
[INFO] [stdout]     |           ++++++++++
[INFO] [stdout] 
[INFO] [stdout] 
[INFO] [stdout] error[E0283]: type annotations needed
[INFO] [stdout]    --> src/state.rs:109:9
[INFO] [stdout]     |
[INFO] [stdout] 109 |         Ok(v.unwrap_or_default() + 222)
[INFO] [stdout]     |         ^^ cannot infer type of the type parameter `E` declared on the enum `Result`
[INFO] [stdout] 110 |     })?;
[INFO] [stdout]     |       - type must be known at this point
[INFO] [stdout]     |
[INFO] [stdout]     = note: multiple `impl`s satisfying `cosmwasm_std::StdError: From<_>` found in the following crates: `core`, `cosmwasm_std`:
[INFO] [stdout]             - impl From<ConversionOverflowError> for cosmwasm_std::StdError;
[INFO] [stdout]             - impl From<DivideByZeroError> for cosmwasm_std::StdError;
[INFO] [stdout]             - impl From<FromUtf8Error> for cosmwasm_std::StdError;
[INFO] [stdout]             - impl From<OverflowError> for cosmwasm_std::StdError;
[INFO] [stdout]             - impl From<RecoverPubkeyError> for cosmwasm_std::StdError;
[INFO] [stdout]             - impl From<Utf8Error> for cosmwasm_std::StdError;
[INFO] [stdout]             - impl From<VerificationError> for cosmwasm_std::StdError;
[INFO] [stdout]             - impl<T> From<!> for T;
[INFO] [stdout]             - impl<T> From<T> for T;
[INFO] [stdout]     = note: required for `Result<(), cosmwasm_std::StdError>` to implement `FromResidual<Result<Infallible, _>>`
[INFO] [stdout] help: consider specifying the generic arguments
[INFO] [stdout]     |
[INFO] [stdout] 109 |         Ok::<u64, E>(v.unwrap_or_default() + 222)
[INFO] [stdout]     |           ++++++++++
[INFO] [stdout] 
[INFO] [stdout] 
[INFO] [stdout] error: aborting due to 3 previous errors
[INFO] [stdout] 
[INFO] [stdout] 
[INFO] [stdout] Some errors have detailed explanations: E0063, E0283.
[INFO] [stdout] 
[INFO] [stdout] For more information about an error, try `rustc --explain E0063`.
[INFO] [stdout] 
[INFO] [stderr] error: could not compile `sonr-demo` (lib) due to 4 previous errors
[INFO] [stderr] warning: build failed, waiting for other jobs to finish...
[INFO] running `Command { std: "docker" "inspect" "b10ad738d9b70d629db71940b08b036fc6bbe4d34bc818604c49ae3ae0350770", kill_on_drop: false }`
[INFO] running `Command { std: "docker" "rm" "-f" "b10ad738d9b70d629db71940b08b036fc6bbe4d34bc818604c49ae3ae0350770", kill_on_drop: false }`
[INFO] [stdout] b10ad738d9b70d629db71940b08b036fc6bbe4d34bc818604c49ae3ae0350770
